{"id":1681,"date":"2024-08-09T15:07:20","date_gmt":"2024-08-09T13:07:20","guid":{"rendered":"https:\/\/audreylheureux.com\/?page_id=1681"},"modified":"2025-04-09T18:36:39","modified_gmt":"2025-04-09T16:36:39","slug":"mes-objectifs-pour-votre-enfant","status":"publish","type":"page","link":"https:\/\/audreylheureux.com\/?page_id=1681","title":{"rendered":"Mes objectifs pour VOTRE enfant"},"content":{"rendered":"\n<div class=\"wp-block-cover aligncenter has-nv-dark-bg-color has-text-color\" style=\"min-height:240px;aspect-ratio:unset;\"><span aria-hidden=\"true\" class=\"wp-block-cover__background has-nv-site-bg-background-color has-background-dim-100 has-background-dim\"><\/span><div class=\"wp-block-cover__inner-container is-layout-constrained wp-block-cover-is-layout-constrained\">\n<div style=\"height:30px\" aria-hidden=\"true\" class=\"wp-block-spacer\"><\/div>\n\n\n\n<h2 class=\"wp-block-heading has-text-align-center has-neve-link-color-color has-text-color has-large-font-size\"><strong>Mes objectifs, pour votre enfant <\/strong>:<\/h2>\n\n\n\n<blockquote class=\"wp-block-quote is-layout-flow wp-block-quote-is-layout-flow\">\n<p class=\"has-text-align-center has-nv-text-dark-bg-background-color has-text-color has-background\" style=\"color:#89ac8b\"><strong>\u201c<em>Cr\u00e9er des liens entre l\u2019int\u00e9rieur et l\u2019ext\u00e9rieur qui lui manquent pour pouvoir penser<\/em>\u201d, Serge Boimare<\/strong><\/p>\n\n\n\n<p class=\"has-text-align-center has-text-color has-link-color wp-elements-473f54bbf0eac0b5a3aa42640ac3e2b0\" style=\"color:#89ac8b\"><strong><em>\u201cRendre l\u2019apprentissage \u00e9panouissant et vecteur de r\u00e9ussite.\u201d<\/em><\/strong><\/p>\n<\/blockquote>\n\n\n\n<p class=\"has-text-align-justify\">Il pourra ainsi entrer plus <strong>sereinement dans les apprentissages<\/strong>, avoir de <strong>meilleures appr\u00e9ciations <\/strong>de travail, un comportement <strong>plus apais\u00e9<\/strong>, et donc porter <strong>un nouveau regard sur lui-m\u00eame<\/strong>, plus confiant, mais aussi voir ce regard chez ses camarades, son enseignant et bien \u00e9videmment vous-m\u00eame, apportant ainsi <strong>un apaisement \u00e0 la maison comme \u00e0 l\u2019\u00e9cole.<\/strong><\/p>\n\n\n\n<p>La suite de sa scolarit\u00e9 en sera facilit\u00e9e.<\/p>\n\n\n\n<div style=\"height:30px\" aria-hidden=\"true\" class=\"wp-block-spacer\"><\/div>\n\n\n<div class=\"wp-block-image\">\n<figure class=\"aligncenter size-full is-resized\"><img loading=\"lazy\" decoding=\"async\" width=\"500\" height=\"500\" src=\"https:\/\/audreylheureux.com\/wp-content\/uploads\/2025\/04\/Logos-3.png\" alt=\"\" class=\"wp-image-1963\" style=\"width:196px;height:auto\" srcset=\"https:\/\/audreylheureux.com\/wp-content\/uploads\/2025\/04\/Logos-3.png 500w, https:\/\/audreylheureux.com\/wp-content\/uploads\/2025\/04\/Logos-3-300x300.png 300w, https:\/\/audreylheureux.com\/wp-content\/uploads\/2025\/04\/Logos-3-150x150.png 150w, https:\/\/audreylheureux.com\/wp-content\/uploads\/2025\/04\/Logos-3-100x100.png 100w\" sizes=\"auto, (max-width: 500px) 100vw, 500px\" \/><\/figure>\n<\/div>\n\n\n<div style=\"height:30px\" aria-hidden=\"true\" class=\"wp-block-spacer\"><\/div>\n\n\n\n<div style=\"height:29px\" aria-hidden=\"true\" class=\"wp-block-spacer\"><\/div>\n<\/div><\/div>\n\n\n\n<div class=\"wp-block-buttons is-content-justification-center is-layout-flex wp-container-core-buttons-is-layout-16018d1d wp-block-buttons-is-layout-flex\">\n<div class=\"wp-block-button has-custom-font-size has-medium-font-size\"><a class=\"wp-block-button__link has-nv-site-bg-color has-neve-link-color-background-color has-text-color has-background wp-element-button\" href=\"https:\/\/perfactive.fr\/expertise\/ecury-sur-coole\/audrey-lheureux\" style=\"border-radius:100px\" target=\"_blank\" rel=\"noreferrer noopener\">Prendre rendez-vous<\/a><\/div>\n<\/div>\n\n\n\n<div style=\"height:61px\" aria-hidden=\"true\" class=\"wp-block-spacer\"><\/div>\n","protected":false},"excerpt":{"rendered":"","protected":false},"author":1,"featured_media":0,"parent":0,"menu_order":0,"comment_status":"closed","ping_status":"closed","template":"","meta":{"neve_meta_sidebar":"","neve_meta_container":"","neve_meta_enable_content_width":"","neve_meta_content_width":0,"neve_meta_title_alignment":"","neve_meta_author_avatar":"","neve_post_elements_order":"","neve_meta_disable_header":"","neve_meta_disable_footer":"","neve_meta_disable_title":"","_themeisle_gutenberg_block_has_review":false,"footnotes":""},"class_list":["post-1681","page","type-page","status-publish","hentry"],"yoast_head":"<!-- This site is optimized with the Yoast SEO plugin v27.5 - https:\/\/yoast.com\/product\/yoast-seo-wordpress\/ -->\n<title>Mes objectifs pour VOTRE enfant ~ Audrey LHEUREUX - Le cabinet des Apprentissages<\/title>\n<meta name=\"description\" content=\"\u201cRendre l\u2019apprentissage \u00e9panouissant et vecteur de r\u00e9ussite.\u201d\" \/>\n<meta name=\"robots\" content=\"index, follow, max-snippet:-1, max-image-preview:large, max-video-preview:-1\" \/>\n<link rel=\"canonical\" href=\"https:\/\/audreylheureux.com\/?page_id=1681\" \/>\n<meta property=\"og:locale\" content=\"fr_FR\" \/>\n<meta property=\"og:type\" content=\"article\" \/>\n<meta property=\"og:title\" content=\"Mes objectifs pour VOTRE enfant ~ Audrey LHEUREUX - Le cabinet des Apprentissages\" \/>\n<meta property=\"og:description\" content=\"\u201cRendre l\u2019apprentissage \u00e9panouissant et vecteur de r\u00e9ussite.\u201d\" \/>\n<meta property=\"og:url\" content=\"https:\/\/audreylheureux.com\/?page_id=1681\" \/>\n<meta property=\"og:site_name\" content=\"Audrey LHEUREUX - Le cabinet des Apprentissages\" \/>\n<meta property=\"article:publisher\" content=\"https:\/\/www.facebook.com\/profile.php?id=61551690980053\" \/>\n<meta property=\"article:modified_time\" content=\"2025-04-09T16:36:39+00:00\" \/>\n<meta property=\"og:image\" content=\"https:\/\/audreylheureux.com\/wp-content\/uploads\/2025\/04\/Logos-3.png\" \/>\n\t<meta property=\"og:image:width\" content=\"500\" \/>\n\t<meta property=\"og:image:height\" content=\"500\" \/>\n\t<meta property=\"og:image:type\" content=\"image\/png\" \/>\n<meta name=\"twitter:card\" content=\"summary_large_image\" \/>\n<meta name=\"twitter:label1\" content=\"Dur\u00e9e de lecture estim\u00e9e\" \/>\n\t<meta name=\"twitter:data1\" content=\"1 minute\" \/>\n<script type=\"application\/ld+json\" class=\"yoast-schema-graph\">{\"@context\":\"https:\\\/\\\/schema.org\",\"@graph\":[{\"@type\":\"WebPage\",\"@id\":\"https:\\\/\\\/audreylheureux.com\\\/?page_id=1681\",\"url\":\"https:\\\/\\\/audreylheureux.com\\\/?page_id=1681\",\"name\":\"Mes objectifs pour VOTRE enfant ~ Audrey LHEUREUX - Le cabinet des Apprentissages\",\"isPartOf\":{\"@id\":\"https:\\\/\\\/audreylheureux.com\\\/#website\"},\"primaryImageOfPage\":{\"@id\":\"https:\\\/\\\/audreylheureux.com\\\/?page_id=1681#primaryimage\"},\"image\":{\"@id\":\"https:\\\/\\\/audreylheureux.com\\\/?page_id=1681#primaryimage\"},\"thumbnailUrl\":\"https:\\\/\\\/audreylheureux.com\\\/wp-content\\\/uploads\\\/2025\\\/04\\\/Logos-3.png\",\"datePublished\":\"2024-08-09T13:07:20+00:00\",\"dateModified\":\"2025-04-09T16:36:39+00:00\",\"description\":\"\u201cRendre l\u2019apprentissage \u00e9panouissant et vecteur de r\u00e9ussite.\u201d\",\"breadcrumb\":{\"@id\":\"https:\\\/\\\/audreylheureux.com\\\/?page_id=1681#breadcrumb\"},\"inLanguage\":\"fr-FR\",\"potentialAction\":[{\"@type\":\"ReadAction\",\"target\":[\"https:\\\/\\\/audreylheureux.com\\\/?page_id=1681\"]}]},{\"@type\":\"ImageObject\",\"inLanguage\":\"fr-FR\",\"@id\":\"https:\\\/\\\/audreylheureux.com\\\/?page_id=1681#primaryimage\",\"url\":\"https:\\\/\\\/audreylheureux.com\\\/wp-content\\\/uploads\\\/2025\\\/04\\\/Logos-3.png\",\"contentUrl\":\"https:\\\/\\\/audreylheureux.com\\\/wp-content\\\/uploads\\\/2025\\\/04\\\/Logos-3.png\",\"width\":500,\"height\":500,\"caption\":\"Logo - le cabinet des apprentissages - Audrey Lheureux\"},{\"@type\":\"BreadcrumbList\",\"@id\":\"https:\\\/\\\/audreylheureux.com\\\/?page_id=1681#breadcrumb\",\"itemListElement\":[{\"@type\":\"ListItem\",\"position\":1,\"name\":\"Accueil\",\"item\":\"https:\\\/\\\/audreylheureux.com\\\/\"},{\"@type\":\"ListItem\",\"position\":2,\"name\":\"Mes objectifs pour VOTRE enfant\"}]},{\"@type\":\"WebSite\",\"@id\":\"https:\\\/\\\/audreylheureux.com\\\/#website\",\"url\":\"https:\\\/\\\/audreylheureux.com\\\/\",\"name\":\"Audrey LHEUREUX - Le cabinet des Apprentissages\",\"description\":\"Psychop\u00e9dagogue - Orthop\u00e9dagogue - Enseignante sp\u00e9cialis\u00e9e pour l&#039;Education Nationale - Psychologue de l&#039;\u00e9ducation\",\"potentialAction\":[{\"@type\":\"SearchAction\",\"target\":{\"@type\":\"EntryPoint\",\"urlTemplate\":\"https:\\\/\\\/audreylheureux.com\\\/?s={search_term_string}\"},\"query-input\":{\"@type\":\"PropertyValueSpecification\",\"valueRequired\":true,\"valueName\":\"search_term_string\"}}],\"inLanguage\":\"fr-FR\"}]}<\/script>\n<!-- \/ Yoast SEO plugin. -->","yoast_head_json":{"title":"Mes objectifs pour VOTRE enfant ~ Audrey LHEUREUX - Le cabinet des Apprentissages","description":"\u201cRendre l\u2019apprentissage \u00e9panouissant et vecteur de r\u00e9ussite.\u201d","robots":{"index":"index","follow":"follow","max-snippet":"max-snippet:-1","max-image-preview":"max-image-preview:large","max-video-preview":"max-video-preview:-1"},"canonical":"https:\/\/audreylheureux.com\/?page_id=1681","og_locale":"fr_FR","og_type":"article","og_title":"Mes objectifs pour VOTRE enfant ~ Audrey LHEUREUX - Le cabinet des Apprentissages","og_description":"\u201cRendre l\u2019apprentissage \u00e9panouissant et vecteur de r\u00e9ussite.\u201d","og_url":"https:\/\/audreylheureux.com\/?page_id=1681","og_site_name":"Audrey LHEUREUX - Le cabinet des Apprentissages","article_publisher":"https:\/\/www.facebook.com\/profile.php?id=61551690980053","article_modified_time":"2025-04-09T16:36:39+00:00","og_image":[{"width":500,"height":500,"url":"https:\/\/audreylheureux.com\/wp-content\/uploads\/2025\/04\/Logos-3.png","type":"image\/png"}],"twitter_card":"summary_large_image","twitter_misc":{"Dur\u00e9e de lecture estim\u00e9e":"1 minute"},"schema":{"@context":"https:\/\/schema.org","@graph":[{"@type":"WebPage","@id":"https:\/\/audreylheureux.com\/?page_id=1681","url":"https:\/\/audreylheureux.com\/?page_id=1681","name":"Mes objectifs pour VOTRE enfant ~ Audrey LHEUREUX - Le cabinet des Apprentissages","isPartOf":{"@id":"https:\/\/audreylheureux.com\/#website"},"primaryImageOfPage":{"@id":"https:\/\/audreylheureux.com\/?page_id=1681#primaryimage"},"image":{"@id":"https:\/\/audreylheureux.com\/?page_id=1681#primaryimage"},"thumbnailUrl":"https:\/\/audreylheureux.com\/wp-content\/uploads\/2025\/04\/Logos-3.png","datePublished":"2024-08-09T13:07:20+00:00","dateModified":"2025-04-09T16:36:39+00:00","description":"\u201cRendre l\u2019apprentissage \u00e9panouissant et vecteur de r\u00e9ussite.\u201d","breadcrumb":{"@id":"https:\/\/audreylheureux.com\/?page_id=1681#breadcrumb"},"inLanguage":"fr-FR","potentialAction":[{"@type":"ReadAction","target":["https:\/\/audreylheureux.com\/?page_id=1681"]}]},{"@type":"ImageObject","inLanguage":"fr-FR","@id":"https:\/\/audreylheureux.com\/?page_id=1681#primaryimage","url":"https:\/\/audreylheureux.com\/wp-content\/uploads\/2025\/04\/Logos-3.png","contentUrl":"https:\/\/audreylheureux.com\/wp-content\/uploads\/2025\/04\/Logos-3.png","width":500,"height":500,"caption":"Logo - le cabinet des apprentissages - Audrey Lheureux"},{"@type":"BreadcrumbList","@id":"https:\/\/audreylheureux.com\/?page_id=1681#breadcrumb","itemListElement":[{"@type":"ListItem","position":1,"name":"Accueil","item":"https:\/\/audreylheureux.com\/"},{"@type":"ListItem","position":2,"name":"Mes objectifs pour VOTRE enfant"}]},{"@type":"WebSite","@id":"https:\/\/audreylheureux.com\/#website","url":"https:\/\/audreylheureux.com\/","name":"Audrey LHEUREUX - Le cabinet des Apprentissages","description":"Psychop\u00e9dagogue - Orthop\u00e9dagogue - Enseignante sp\u00e9cialis\u00e9e pour l&#039;Education Nationale - Psychologue de l&#039;\u00e9ducation","potentialAction":[{"@type":"SearchAction","target":{"@type":"EntryPoint","urlTemplate":"https:\/\/audreylheureux.com\/?s={search_term_string}"},"query-input":{"@type":"PropertyValueSpecification","valueRequired":true,"valueName":"search_term_string"}}],"inLanguage":"fr-FR"}]}},"_links":{"self":[{"href":"https:\/\/audreylheureux.com\/index.php?rest_route=\/wp\/v2\/pages\/1681","targetHints":{"allow":["GET"]}}],"collection":[{"href":"https:\/\/audreylheureux.com\/index.php?rest_route=\/wp\/v2\/pages"}],"about":[{"href":"https:\/\/audreylheureux.com\/index.php?rest_route=\/wp\/v2\/types\/page"}],"author":[{"embeddable":true,"href":"https:\/\/audreylheureux.com\/index.php?rest_route=\/wp\/v2\/users\/1"}],"replies":[{"embeddable":true,"href":"https:\/\/audreylheureux.com\/index.php?rest_route=%2Fwp%2Fv2%2Fcomments&post=1681"}],"version-history":[{"count":10,"href":"https:\/\/audreylheureux.com\/index.php?rest_route=\/wp\/v2\/pages\/1681\/revisions"}],"predecessor-version":[{"id":1991,"href":"https:\/\/audreylheureux.com\/index.php?rest_route=\/wp\/v2\/pages\/1681\/revisions\/1991"}],"wp:attachment":[{"href":"https:\/\/audreylheureux.com\/index.php?rest_route=%2Fwp%2Fv2%2Fmedia&parent=1681"}],"curies":[{"name":"wp","href":"https:\/\/api.w.org\/{rel}","templated":true}]}}